{"id":1525,"date":"2025-09-18T03:18:30","date_gmt":"2025-09-18T01:18:30","guid":{"rendered":"https:\/\/pft.umk.pl\/nbo\/?page_id=1525"},"modified":"2025-09-20T17:14:03","modified_gmt":"2025-09-20T15:14:03","slug":"rodo-uczestnicy-semianariow","status":"publish","type":"page","link":"https:\/\/pft.umk.pl\/nbo\/rodo-uczestnicy-semianariow\/","title":{"rendered":"RODO &#8211; uczestnicy seminari\u00f3w"},"content":{"rendered":"\n<p>Dane osobowe Uczestnik\u00f3w seminari\u00f3w online \u201eNa Barkach Olbrzym\u00f3w\u201d przetwarzane b\u0119d\u0105 zgodnie z przepisami Rozporz\u0105dzenia Parlamentu Europejskiego i Rady (UE) 2016\/679 z dnia 27 kwietnia 2016 r. w sprawie ochrony os\u00f3b fizycznych w zwi\u0105zku z przetwarzaniem danych osobowych i w sprawie swobodnego przep\u0142ywu takich danych oraz uchylenia dyrektywy 95\/46\/WE (og\u00f3lne rozporz\u0105dzenie o ochronie danych osobowych) (Dz.U.UE.L.2016.119.1 z p\u00f3\u017an. zm.), dalej:&nbsp;<strong>\u201eRODO\u201d<\/strong>.<\/p>\n\n\n\n<p><strong>Administratorem<\/strong>&nbsp;Twoich danych osobowych, jako Uczestnika seminarium, jest&nbsp;<strong>Fundacja \u201ePro Futuro Theologiae\u201d<\/strong>&nbsp;z siedzib\u0105 w Toruniu, ul. Gagarina 37, 87-100 Toru\u0144, wpisana do Rejestru Stowarzysze\u0144 Krajowego Rejestru S\u0105dowego przez S\u0105d Rejonowy w Toruniu, VII Wydzia\u0142 Gospodarczy Krajowego Rejestru S\u0105dowego pod numerem KRS: 0000533493, NIP: 9562309411, REGON: 360248793.<\/p>\n\n\n\n<p>We wszystkich sprawach dotycz\u0105cych przetwarzania danych osobowych oraz korzystania z przys\u0142uguj\u0105cych Ci praw, mo\u017cesz skontaktowa\u0107 si\u0119 z Fundacj\u0105:<\/p>\n\n\n\n<ul class=\"wp-block-list\">\n<li>korespondencyjnie na adres: ul. Gagarina 37, 87-100 Toru\u0144;<\/li>\n\n\n\n<li>poczt\u0105 elektroniczn\u0105 na adres e-mail: pft.umk@gmail.com.<\/li>\n<\/ul>\n\n\n\n<p><strong>Twoje dane osobowe przetwarzane s\u0105 w celu:<\/strong><\/p>\n\n\n\n<ul class=\"wp-block-list\">\n<li><strong>realizacji i przeprowadzenia seminarium online<\/strong>\u00a0\u201eNa Barkach Olbrzym\u00f3w\u201d, co jest niezb\u0119dne do wykonania umowy zawartej z Tob\u0105 poprzez zg\u0142oszenie udzia\u0142u;<\/li>\n\n\n\n<li><strong>wystawienia i przes\u0142ania certyfikatu<\/strong>\u00a0uczestnictwa w seminarium, je\u015bli jest to przewidziane i wymagane;<\/li>\n\n\n\n<li><strong>komunikacji<\/strong>\u00a0z Tob\u0105 w sprawach organizacyjnych dotycz\u0105cych seminarium;<\/li>\n\n\n\n<li><strong>spe\u0142nienia obowi\u0105zk\u00f3w prawnych<\/strong>\u00a0ci\u0105\u017c\u0105cych na Administratorze, np. w celach podatkowych lub rachunkowych.<\/li>\n<\/ul>\n\n\n\n<p><strong>Zakres przetwarzanych danych osobowych:<\/strong><\/p>\n\n\n\n<ul class=\"wp-block-list\">\n<li>Przetwarzamy dane niezb\u0119dne do Twojego udzia\u0142u w seminarium, takie jak:\u00a0<strong>imi\u0119 i nazwisko, adres e-mail, a tak\u017ce ewentualne inne dane, kt\u00f3re dobrowolnie podasz w formularzu zg\u0142oszeniowym<\/strong>\u00a0(np. nazwa uczelni).<\/li>\n<\/ul>\n\n\n\n<p>Twoje dane b\u0119d\u0105 przechowywane przez okres niezb\u0119dny do realizacji cel\u00f3w, dla kt\u00f3rych zosta\u0142y zebrane. Oznacza to, \u017ce b\u0119d\u0105 one przetwarzane:<\/p>\n\n\n\n<ul class=\"wp-block-list\">\n<li>przez czas trwania seminarium oraz przez okres 3 miesi\u0119cy po jego zako\u0144czeniu w celu realizacji wszelkich zobowi\u0105za\u0144 organizacyjnych;<\/li>\n\n\n\n<li>przez okres niezb\u0119dny do spe\u0142nienia obowi\u0105zk\u00f3w prawnych, takich jak przechowywanie dokumentacji ksi\u0119gowej.<\/li>\n<\/ul>\n\n\n\n<p><strong>Przys\u0142uguj\u0105 Ci nast\u0119puj\u0105ce prawa:<\/strong><\/p>\n\n\n\n<ul class=\"wp-block-list\">\n<li>prawo dost\u0119pu do swoich danych osobowych oraz uzyskania ich kopii;<\/li>\n\n\n\n<li>prawo do sprostowania (poprawienia) swoich danych osobowych;<\/li>\n\n\n\n<li>prawo do usuni\u0119cia danych, w przypadkach przewidzianych w art. 17 RODO;<\/li>\n\n\n\n<li>prawo do ograniczenia przetwarzania danych osobowych, w przypadkach przewidzianych w art. 18 RODO;<\/li>\n\n\n\n<li>prawo do wniesienia sprzeciwu wobec przetwarzania danych, w przypadkach przewidzianych w art. 21 RODO.<\/li>\n<\/ul>\n\n\n\n<p>Podanie danych osobowych jest&nbsp;<strong>dobrowolne<\/strong>, ale&nbsp;<strong>niezb\u0119dne<\/strong>&nbsp;do wzi\u0119cia udzia\u0142u w seminarium online. Bez ich podania, nie b\u0119dzie mo\u017cliwe zrealizowanie Twojego zg\u0142oszenia.<\/p>\n\n\n\n<p>Twoje dane osobowe&nbsp;<strong>nie b\u0119d\u0105 podlega\u0142y zautomatyzowanemu podejmowaniu decyzji<\/strong>, w tym profilowaniu. Odbiorcami danych mog\u0105 by\u0107 wy\u0142\u0105cznie podmioty uprawnione na podstawie przepis\u00f3w prawa oraz podmioty przetwarzaj\u0105ce dane na zlecenie Administratora (np. dostawcy us\u0142ug hostingowych, platform do prowadzenia seminari\u00f3w online), z kt\u00f3rymi zawarli\u015bmy odpowiednie umowy. Administrator nie przewiduje przekazywania Twoich danych osobowych poza Europejski Obszar Gospodarczy.<\/p>\n\n\n\n<p>Je\u015bli uwa\u017casz, \u017ce przetwarzanie Twoich danych osobowych narusza przepisy RODO, masz prawo&nbsp;<strong>wniesienia skargi do Prezesa Urz\u0119du Ochrony Danych Osobowych<\/strong>, na adres: Urz\u0105d Ochrony Danych Osobowych, ul. Stawki 2, 00-193 Warszawa.<\/p>\n","protected":false},"excerpt":{"rendered":"<p>Dane osobowe Uczestnik\u00f3w seminari\u00f3w online \u201eNa Barkach Olbrzym\u00f3w\u201d przetwarzane b\u0119d\u0105 zgodnie z przepisami Rozporz\u0105dzenia Parlamentu Europejskiego i Rady (UE) 2016\/679 z dnia 27 kwietnia 2016 r. w sprawie ochrony os\u00f3b fizycznych w zwi\u0105zku z przetwarzaniem danych osobowych i w sprawie swobodnego przep\u0142ywu takich danych oraz uchylenia dyrektywy 95\/46\/WE (og\u00f3lne rozporz\u0105dzenie o ochronie danych osobowych) (Dz.U.UE.L.2016.119.1 z p\u00f3\u017an. zm.), dalej:&nbsp;\u201eRODO\u201d. Administratorem&nbsp;Twoich danych osobowych, jako Uczestnika seminarium, jest&nbsp;Fundacja \u201ePro Futuro Theologiae\u201d&nbsp;z siedzib\u0105 w Toruniu, ul. Gagarina 37, 87-100 Toru\u0144, wpisana do Rejestru Stowarzysze\u0144 Krajowego Rejestru S\u0105dowego przez S\u0105d Rejonowy w Toruniu, VII Wydzia\u0142 Gospodarczy Krajowego Rejestru S\u0105dowego pod numerem KRS: 0000533493, NIP: 9562309411, REGON: 360248793. We wszystkich sprawach dotycz\u0105cych przetwarzania danych osobowych oraz korzystania z przys\u0142uguj\u0105cych Ci praw, mo\u017cesz skontaktowa\u0107 si\u0119 z Fundacj\u0105: Twoje dane osobowe przetwarzane s\u0105 w celu: Zakres przetwarzanych danych osobowych: Twoje dane b\u0119d\u0105 przechowywane przez okres niezb\u0119dny do realizacji cel\u00f3w, dla kt\u00f3rych zosta\u0142y zebrane. Oznacza to, \u017ce b\u0119d\u0105 one przetwarzane: Przys\u0142uguj\u0105 Ci nast\u0119puj\u0105ce prawa: Podanie danych osobowych jest&nbsp;dobrowolne, ale&nbsp;niezb\u0119dne&nbsp;do wzi\u0119cia udzia\u0142u w seminarium online. Bez ich podania, nie b\u0119dzie mo\u017cliwe zrealizowanie Twojego zg\u0142oszenia. Twoje dane osobowe&nbsp;nie b\u0119d\u0105 podlega\u0142y zautomatyzowanemu podejmowaniu decyzji, w tym profilowaniu. Odbiorcami danych mog\u0105 by\u0107 wy\u0142\u0105cznie podmioty uprawnione na podstawie przepis\u00f3w prawa oraz podmioty przetwarzaj\u0105ce dane na zlecenie Administratora (np. dostawcy us\u0142ug hostingowych, platform do prowadzenia seminari\u00f3w online), z kt\u00f3rymi zawarli\u015bmy odpowiednie umowy. Administrator nie przewiduje przekazywania Twoich danych osobowych poza Europejski Obszar Gospodarczy. Je\u015bli uwa\u017casz, \u017ce przetwarzanie Twoich danych osobowych narusza przepisy RODO, masz prawo&nbsp;wniesienia skargi do Prezesa Urz\u0119du Ochrony Danych Osobowych, na adres: Urz\u0105d Ochrony Danych Osobowych, ul. Stawki 2, 00-193 Warszawa.<\/p>\n","protected":false},"author":1,"featured_media":0,"parent":0,"menu_order":0,"comment_status":"closed","ping_status":"closed","template":"","meta":{"footnotes":""},"class_list":["post-1525","page","type-page","status-publish","hentry"],"blocksy_meta":[],"_links":{"self":[{"href":"https:\/\/pft.umk.pl\/nbo\/wp-json\/wp\/v2\/pages\/1525","targetHints":{"allow":["GET"]}}],"collection":[{"href":"https:\/\/pft.umk.pl\/nbo\/wp-json\/wp\/v2\/pages"}],"about":[{"href":"https:\/\/pft.umk.pl\/nbo\/wp-json\/wp\/v2\/types\/page"}],"author":[{"embeddable":true,"href":"https:\/\/pft.umk.pl\/nbo\/wp-json\/wp\/v2\/users\/1"}],"replies":[{"embeddable":true,"href":"https:\/\/pft.umk.pl\/nbo\/wp-json\/wp\/v2\/comments?post=1525"}],"version-history":[{"count":2,"href":"https:\/\/pft.umk.pl\/nbo\/wp-json\/wp\/v2\/pages\/1525\/revisions"}],"predecessor-version":[{"id":1527,"href":"https:\/\/pft.umk.pl\/nbo\/wp-json\/wp\/v2\/pages\/1525\/revisions\/1527"}],"wp:attachment":[{"href":"https:\/\/pft.umk.pl\/nbo\/wp-json\/wp\/v2\/media?parent=1525"}],"curies":[{"name":"wp","href":"https:\/\/api.w.org\/{rel}","templated":true}]}}