{"id":1558,"date":"2025-09-18T14:36:24","date_gmt":"2025-09-18T12:36:24","guid":{"rendered":"https:\/\/pft.umk.pl\/nbo\/?page_id=1558"},"modified":"2025-09-30T01:46:20","modified_gmt":"2025-09-29T23:46:20","slug":"zapisz-sie","status":"publish","type":"page","link":"https:\/\/pft.umk.pl\/nbo\/zapisz-sie\/","title":{"rendered":"Zapisz si\u0119"},"content":{"rendered":"\t\t<div data-elementor-type=\"wp-page\" data-elementor-id=\"1558\" class=\"elementor elementor-1558\">\n\t\t\t\t<div class=\"elementor-element elementor-element-e81b63d e-flex e-con-boxed wpr-particle-no wpr-jarallax-no wpr-parallax-no wpr-sticky-section-no e-con e-parent\" data-id=\"e81b63d\" data-element_type=\"container\">\n\t\t\t\t\t<div class=\"e-con-inner\">\n\t\t<div class=\"elementor-element elementor-element-2c3b42d e-con-full e-flex wpr-particle-no wpr-jarallax-no wpr-parallax-no wpr-sticky-section-no e-con e-child\" data-id=\"2c3b42d\" data-element_type=\"container\" data-settings=\"{&quot;background_background&quot;:&quot;classic&quot;}\">\n\t\t<div class=\"elementor-element elementor-element-463b41c e-con-full e-flex wpr-particle-no wpr-jarallax-no wpr-parallax-no wpr-sticky-section-no e-con e-child\" data-id=\"463b41c\" data-element_type=\"container\" data-settings=\"{&quot;position&quot;:&quot;absolute&quot;}\">\n\t\t\t\t<div class=\"elementor-element elementor-element-e896624 elementor-absolute elementor-view-default elementor-widget elementor-widget-icon\" data-id=\"e896624\" data-element_type=\"widget\" data-settings=\"{&quot;_position&quot;:&quot;absolute&quot;}\" data-widget_type=\"icon.default\">\n\t\t\t\t\t\t\t<div class=\"elementor-icon-wrapper\">\n\t\t\t<div class=\"elementor-icon\">\n\t\t\t\t\t\t<\/div>\n\t\t<\/div>\n\t\t\t\t\t\t<\/div>\n\t\t\t\t<div class=\"elementor-element elementor-element-21f865b elementor-absolute elementor-view-default elementor-widget elementor-widget-icon\" data-id=\"21f865b\" data-element_type=\"widget\" data-settings=\"{&quot;_position&quot;:&quot;absolute&quot;}\" data-widget_type=\"icon.default\">\n\t\t\t\t\t\t\t<div class=\"elementor-icon-wrapper\">\n\t\t\t<div class=\"elementor-icon\">\n\t\t\t\t\t\t<\/div>\n\t\t<\/div>\n\t\t\t\t\t\t<\/div>\n\t\t\t\t<\/div>\n\t\t<div class=\"elementor-element elementor-element-e18f08e e-con-full e-flex wpr-particle-no wpr-jarallax-no wpr-parallax-no wpr-sticky-section-no e-con e-child\" data-id=\"e18f08e\" data-element_type=\"container\">\n\t\t\t\t<div class=\"elementor-element elementor-element-17b616c elementor-widget elementor-widget-shortcode\" data-id=\"17b616c\" data-element_type=\"widget\" data-widget_type=\"shortcode.default\">\n\t\t\t\t\t\t\t<div class=\"elementor-shortcode\"><\/div>\n\t\t\t\t\t\t<\/div>\n\t\t\t\t<div class=\"elementor-element elementor-element-a7b68a7 elementor-widget elementor-widget-heading\" data-id=\"a7b68a7\" data-element_type=\"widget\" data-widget_type=\"heading.default\">\n\t\t\t\t\t<h1 class=\"elementor-heading-title elementor-size-default\">Zapisz si\u0119 na seminaria<\/h1>\t\t\t\t<\/div>\n\t\t\t\t<\/div>\n\t\t<div class=\"elementor-element elementor-element-d4b6fa2 e-con-full e-flex wpr-particle-no wpr-jarallax-no wpr-parallax-no wpr-sticky-section-no e-con e-child\" data-id=\"d4b6fa2\" data-element_type=\"container\">\n\t\t\t\t<div class=\"elementor-element elementor-element-c4caf5b elementor-widget elementor-widget-image\" data-id=\"c4caf5b\" data-element_type=\"widget\" data-widget_type=\"image.default\">\n\t\t\t\t\t\t\t\t\t\t\t\t\t\t\t<img fetchpriority=\"high\" decoding=\"async\" width=\"720\" height=\"860\" src=\"https:\/\/pft.umk.pl\/nbo\/wp-content\/uploads\/2025\/09\/pft-nbo-zapisz-head.webp\" class=\"attachment-full size-full wp-image-1575\" alt=\"\" srcset=\"https:\/\/pft.umk.pl\/nbo\/wp-content\/uploads\/2025\/09\/pft-nbo-zapisz-head.webp 720w, https:\/\/pft.umk.pl\/nbo\/wp-content\/uploads\/2025\/09\/pft-nbo-zapisz-head-600.webp 600w, https:\/\/pft.umk.pl\/nbo\/wp-content\/uploads\/2025\/09\/pft-nbo-zapisz-head-300.webp 300w, https:\/\/pft.umk.pl\/nbo\/wp-content\/uploads\/2025\/09\/pft-nbo-zapisz-head-150x150.webp 150w\" sizes=\"(max-width: 720px) 100vw, 720px\" \/>\t\t\t\t\t\t\t\t\t\t\t\t\t\t\t<\/div>\n\t\t\t\t<\/div>\n\t\t\t\t<\/div>\n\t\t\t\t\t<\/div>\n\t\t\t\t<\/div>\n\t\t<div class=\"elementor-element elementor-element-e4be073 e-flex e-con-boxed wpr-particle-no wpr-jarallax-no wpr-parallax-no wpr-sticky-section-no e-con e-parent\" data-id=\"e4be073\" data-element_type=\"container\">\n\t\t\t\t\t<div class=\"e-con-inner\">\n\t\t<div class=\"elementor-element elementor-element-1f9691b e-con-full e-flex wpr-particle-no wpr-jarallax-no wpr-parallax-no wpr-sticky-section-no e-con e-child\" data-id=\"1f9691b\" data-element_type=\"container\">\n\t\t\t\t<div class=\"elementor-element elementor-element-2913402 bdt-forminator-forms-button-custom elementor-widget elementor-widget-bdt-forminator-forms\" data-id=\"2913402\" data-element_type=\"widget\" data-widget_type=\"bdt-forminator-forms.default\">\n\t\t\t\t\t\n\t\t<div class=\"bdt-forminator-forms bdt-custom-radio-checkbox\" id=\"bdt-forminator-forms-2913402\">\n\n\t\t\t<div class=\"forminator-ui forminator-custom-form forminator-custom-form-1689 forminator-design--default  forminator_ajax\" data-forminator-render=\"0\" data-form=\"forminator-module-1689\" data-uid=\"69e7d968087f4\"><br\/><\/div><form\n\t\t\t\tid=\"forminator-module-1689\"\n\t\t\t\tclass=\"forminator-ui forminator-custom-form forminator-custom-form-1689 forminator-design--default  forminator_ajax\"\n\t\t\t\tmethod=\"post\"\n\t\t\t\tdata-forminator-render=\"0\"\n\t\t\t\tdata-form-id=\"1689\"\n\t\t\t\t\n\t\t\t\tdata-design=\"default\"\n\t\t\t\tdata-color-option=\"theme\"\n\t\t\t\t\n\t\t\t\t\n\t\t\t\t\n\t\t\t\tdata-grid=\"open\"\n\t\t\t\t\n\t\t\t\t\n\t\t\t\tstyle=\"display: none;\"\n\t\t\t\t\n\t\t\t\tdata-uid=\"69e7d968087f4\"\n\t\t\t><div role=\"alert\" aria-live=\"polite\" class=\"forminator-response-message forminator-error\" aria-hidden=\"true\"><\/div><div class=\"forminator-row\"><div id=\"name-1\" class=\"forminator-field-name forminator-col forminator-col-12 \"><div class=\"forminator-field\"><label for=\"forminator-field-name-1_69e7d968087f4\" id=\"forminator-field-name-1_69e7d968087f4-label\" class=\"forminator-label\">Imi\u0119 i nazwisko <span class=\"forminator-required\">*<\/span><\/label><input type=\"text\" name=\"name-1\" value=\"\" placeholder=\"\" id=\"forminator-field-name-1_69e7d968087f4\" class=\"forminator-input forminator-name--field\" aria-required=\"true\" \/><\/div><\/div><\/div><div class=\"forminator-row\"><div id=\"text-1\" class=\"forminator-field-text forminator-col forminator-col-12 \"><div class=\"forminator-field\"><label for=\"forminator-field-text-1_69e7d968087f4\" id=\"forminator-field-text-1_69e7d968087f4-label\" class=\"forminator-label\">Wykszta\u0142cenie <span class=\"forminator-required\">*<\/span><\/label><input type=\"text\" name=\"text-1\" value=\"\" placeholder=\"\" id=\"forminator-field-text-1_69e7d968087f4\" class=\"forminator-input forminator-name--field\" data-required=\"1\" \/><\/div><\/div><\/div><div class=\"forminator-row\"><div id=\"email-1\" class=\"forminator-field-email forminator-col forminator-col-12 \"><div class=\"forminator-field\"><label for=\"forminator-field-email-1_69e7d968087f4\" id=\"forminator-field-email-1_69e7d968087f4-label\" class=\"forminator-label\">Adres e-mail <span class=\"forminator-required\">*<\/span><\/label><input type=\"email\" name=\"email-1\" value=\"\" placeholder=\"\" id=\"forminator-field-email-1_69e7d968087f4\" class=\"forminator-input forminator-email--field\" data-required=\"1\" aria-required=\"true\" \/><\/div><\/div><\/div><div class=\"forminator-row\"><div id=\"select-1\" class=\"forminator-field-select forminator-col forminator-col-12 \"><div class=\"forminator-field\"><label for=\"forminator-form-1689__field--select-1_69e7d968087f4\" id=\"forminator-form-1689__field--select-1_69e7d968087f4-label\" class=\"forminator-label\">Wybierz seminarium <span class=\"forminator-required\">*<\/span><\/label><select multiple id=\"forminator-form-1689__field--select-1_69e7d968087f4\" class=\"forminator-select--field forminator-select2 forminator-select2-multiple\" data-required=\"1\" name=\"select-1[]\" data-default-value=\"\" data-hidden-behavior=\"zero\" data-placeholder=\"Prosz\u0119 wybra\u0107 opcj\u0119\" data-search=\"false\" data-search-placeholder=\"Search\" data-checkbox=\"false\" data-allow-clear=\"true\" aria-labelledby=\"forminator-form-1689__field--select-1_69e7d968087f4-label\"><option value=\"one\"  data-calculation=\"0\">Platon - Gorgiasz<\/option><option value=\"two\"  data-calculation=\"0\">Tomasz z Akwinu - Summa Contra Gentiles<\/option><option value=\"Ludwik-Fleck---Powstanie-i-rozw\u00f3j-faktu-naukowego\"  data-calculation=\"0\">Ludwik Fleck - Powstanie i rozw\u00f3j faktu naukowego<\/option><option value=\"Jacques-Ellul---Spo\u0142ecze\u0144stwo-technologiczne\"  data-calculation=\"0\">Jacques Ellul - Spo\u0142ecze\u0144stwo technologiczne<\/option><option value=\"Karl-Jaspers---Filozofia,-tom-1:-Filozoficzna-orientacja-w-\u015bwiecie\"  data-calculation=\"0\">Karl Jaspers - Filozofia, tom 1: Filozoficzna orientacja w \u015bwiecie<\/option><option value=\"Leonardo-Polo---Koncepcja-antropologii-transcendentalnej\"  data-calculation=\"0\">Leonardo Polo - Koncepcja antropologii transcendentalnej<\/option><\/select><\/div><\/div><\/div><div class=\"forminator-row\"><div id=\"textarea-1\" class=\"forminator-field-textarea forminator-col forminator-col-12 \"><div class=\"forminator-field\"><label for=\"forminator-field-textarea-1_69e7d968087f4\" id=\"forminator-field-textarea-1_69e7d968087f4-label\" class=\"forminator-label\">Napisz o swoich zainteresowaniach<\/label><span id=\"forminator-field-textarea-1_69e7d968087f4-description\" class=\"forminator-description\">(do 100 s\u0142\u00f3w)<span data-limit=\"100\" data-type=\"words\" data-editor=\"\">0 \/ 100<\/span><\/span><textarea name=\"textarea-1\" placeholder=\"\" id=\"forminator-field-textarea-1_69e7d968087f4\" class=\"forminator-textarea\" rows=\"6\" style=\"min-height:100px;\" aria-describedby=\"forminator-field-textarea-1_69e7d968087f4-description\" ><\/textarea><\/div><\/div><\/div><div class=\"forminator-row\"><div id=\"radio-1\" class=\"forminator-field-radio forminator-col forminator-col-12 \"><div role=\"radiogroup\" class=\"forminator-field\" aria-labelledby=\"forminator-radiogroup-radio-1-69e7d968087f4-label\"><span id=\"forminator-radiogroup-radio-1-69e7d968087f4-label\" class=\"forminator-label\">Chc\u0119 otrzymywa\u0107 newsletter Na Barkach Olbrzym\u00f3w<\/span><label id=\"forminator-field-radio-1-label-1\" for=\"forminator-field-radio-1-1-69e7d968087f4\" class=\"forminator-radio\" title=\"Tak\"><input type=\"radio\" name=\"radio-1\" value=\"one\" id=\"forminator-field-radio-1-1-69e7d968087f4\" aria-labelledby=\"forminator-field-radio-1-label-1\" data-calculation=\"0\"   data-hidden-behavior=\"zero\"\/><span class=\"forminator-radio-bullet\" aria-hidden=\"true\"><\/span><span class=\"forminator-radio-label\">Tak<\/span><\/label><label id=\"forminator-field-radio-1-label-2\" for=\"forminator-field-radio-1-2-69e7d968087f4\" class=\"forminator-radio\" title=\"Nie\"><input type=\"radio\" name=\"radio-1\" value=\"two\" id=\"forminator-field-radio-1-2-69e7d968087f4\" aria-labelledby=\"forminator-field-radio-1-label-2\" data-calculation=\"0\"   data-hidden-behavior=\"zero\"\/><span class=\"forminator-radio-bullet\" aria-hidden=\"true\"><\/span><span class=\"forminator-radio-label\">Nie<\/span><\/label><\/div><\/div><\/div><div class=\"forminator-row\"><div id=\"consent-1\" class=\"forminator-field-consent forminator-col forminator-col-12 \"><div class=\"forminator-field\"><label for=\"forminator-field-consent-1_69e7d968087f4\" id=\"forminator-field-consent-1_69e7d968087f4-label\" class=\"forminator-label\">Zgoda RODO <span class=\"forminator-required\">*<\/span><\/label><div class=\"forminator-checkbox__wrapper\"><label id=\"forminator-field-consent-1_69e7d968087f4__label\" class=\"forminator-checkbox forminator-consent\" aria-labelledby=\"forminator-field-consent-1_69e7d968087f4-label\" aria-hidden=\"true\"><input type=\"checkbox\" name=\"consent-1\" id=\"forminator-field-consent-1_69e7d968087f4\" value=\"checked\" aria-labelledby=\"forminator-field-consent-1_69e7d968087f4-label\" aria-describedby=\"forminator-field-consent-1_69e7d968087f4__description\" data-required=\"true\" aria-required=\"true\" \/><span class=\"forminator-checkbox-box\" aria-hidden=\"true\"><\/span><\/label><div id=\"forminator-field-consent-1_69e7d968087f4__description\" class=\"forminator-checkbox__label forminator-consent__label\"><p>Wyra\u017cam zgod\u0119 na przetwarzanie moich danych osobowych przez Fundacj\u0119 Pro Futuro Theologiae z siedzib\u0105 w Toruniu, ul. <span class=\"citation-34 citation-end-34\">Gagarina 37 (Administrator Danych), w celu przeprowadzenia zapis\u00f3w na seminaria \u201eNa Ramionach Gigant\u00f3w\u201d, a tak\u017ce w celu kontaktu ze mn\u0105 przez prowadz\u0105cego seminarium w sprawach zwi\u0105zanych z uczestnictwem. Akceptuj\u0119 warunki zawarte w<\/span>&nbsp;<a rel=\"noopener\" target=\"_blank\" href=\"https:\/\/pft.umk.pl\/nbo\/polityka-prywatnosci\/\">polityce prywatno\u015bci<\/a> oraz <a rel=\"noopener\" target=\"_blank\" href=\"https:\/\/pft.umk.pl\/nbo\/rodo-uczestnicy-semianariow\/\">warunkach przetwarzania danych osobowych<\/a>.<\/p><\/div><\/div><\/div><\/div><\/div><div class=\"forminator-row\"><\/div><input type=\"hidden\" name=\"referer_url\" value=\"\" \/><div class=\"forminator-row forminator-row-last\"><div class=\"forminator-col\"><div class=\"forminator-field\"><button class=\"forminator-button forminator-button-submit\">Wy\u015blij<\/button><\/div><\/div><\/div><input type=\"hidden\" id=\"forminator_nonce\" name=\"forminator_nonce\" value=\"c950c4993b\" \/><input type=\"hidden\" name=\"_wp_http_referer\" value=\"\/nbo\/wp-json\/wp\/v2\/pages\/1558\" \/><input type=\"hidden\" name=\"form_id\" value=\"1689\"><input type=\"hidden\" name=\"page_id\" value=\"1558\"><input type=\"hidden\" name=\"form_type\" value=\"default\"><input type=\"hidden\" name=\"current_url\" value=\"https:\/\/pft.umk.pl\/nbo\/zapisz-sie\/\"><input type=\"hidden\" name=\"render_id\" value=\"0\"><input type=\"hidden\" name=\"action\" value=\"forminator_submit_form_custom-forms\"><\/form>\n\t\t<\/div>\n\n\t\t\t\t\t\t<\/div>\n\t\t\t\t<\/div>\n\t\t\t\t\t<\/div>\n\t\t\t\t<\/div>\n\t\t<div class=\"elementor-element elementor-element-afd4778 e-flex e-con-boxed wpr-particle-no wpr-jarallax-no wpr-parallax-no wpr-sticky-section-no e-con e-parent\" data-id=\"afd4778\" data-element_type=\"container\">\n\t\t\t\t\t<div class=\"e-con-inner\">\n\t\t<div class=\"elementor-element elementor-element-f73a0ee e-con-full e-flex wpr-particle-no wpr-jarallax-no wpr-parallax-no wpr-sticky-section-no e-con e-child\" data-id=\"f73a0ee\" data-element_type=\"container\">\n\t\t\t\t<div class=\"elementor-element elementor-element-0b316e1 elementor-widget elementor-widget-text-editor\" data-id=\"0b316e1\" data-element_type=\"widget\" data-widget_type=\"text-editor.default\">\n\t\t\t\t\t\t\t\t\t<p>Wa\u017cne strony<\/p>\t\t\t\t\t\t\t\t<\/div>\n\t\t\t\t<div class=\"elementor-element elementor-element-6f57d39 elementor-widget elementor-widget-heading\" data-id=\"6f57d39\" data-element_type=\"widget\" data-widget_type=\"heading.default\">\n\t\t\t\t\t<h2 class=\"elementor-heading-title elementor-size-default\">Masz pytania przed zapisem?<\/h2>\t\t\t\t<\/div>\n\t\t\t\t<\/div>\n\t\t\t\t\t<\/div>\n\t\t\t\t<\/div>\n\t\t<div class=\"elementor-element elementor-element-70bdbb9 e-con-full e-flex wpr-particle-no wpr-jarallax-no wpr-parallax-no wpr-sticky-section-no e-con e-parent\" data-id=\"70bdbb9\" data-element_type=\"container\">\n\t\t<div class=\"elementor-element elementor-element-8b6bf61 e-con-full e-flex wpr-particle-no wpr-jarallax-no wpr-parallax-no wpr-sticky-section-no e-con e-child\" data-id=\"8b6bf61\" data-element_type=\"container\">\n\t\t\t\t<div class=\"elementor-element elementor-element-d510909 elementor-widget elementor-widget-heading\" data-id=\"d510909\" data-element_type=\"widget\" data-widget_type=\"heading.default\">\n\t\t\t\t\t<h3 class=\"elementor-heading-title elementor-size-default\">Lista seminari\u00f3w<\/h3>\t\t\t\t<\/div>\n\t\t\t\t<div class=\"elementor-element elementor-element-3e1b36c elementor-widget elementor-widget-text-editor\" data-id=\"3e1b36c\" data-element_type=\"widget\" data-widget_type=\"text-editor.default\">\n\t\t\t\t\t\t\t\t\t<p>Zobacz wszystkie tematy dost\u0119pne w tym semestrze i wybierz co\u015b dla siebie.<\/p>\t\t\t\t\t\t\t\t<\/div>\n\t\t\t\t<div class=\"elementor-element elementor-element-d8eea0c elementor-hidden-tablet elementor-hidden-mobile elementor-align-right elementor-widget elementor-widget-button\" data-id=\"d8eea0c\" data-element_type=\"widget\" data-widget_type=\"button.default\">\n\t\t\t\t\t\t\t\t\t\t<a class=\"elementor-button elementor-button-link elementor-size-sm\" href=\"https:\/\/pft.umk.pl\/nbo\/seminaria\/\">\n\t\t\t\t\t\t<span class=\"elementor-button-content-wrapper\">\n\t\t\t\t\t\t<span class=\"elementor-button-icon\">\n\t\t\t\t<svg aria-hidden=\"true\" class=\"e-font-icon-svg e-fas-arrow-right\" viewBox=\"0 0 448 512\" xmlns=\"http:\/\/www.w3.org\/2000\/svg\"><path d=\"M190.5 66.9l22.2-22.2c9.4-9.4 24.6-9.4 33.9 0L441 239c9.4 9.4 9.4 24.6 0 33.9L246.6 467.3c-9.4 9.4-24.6 9.4-33.9 0l-22.2-22.2c-9.5-9.5-9.3-25 .4-34.3L311.4 296H24c-13.3 0-24-10.7-24-24v-32c0-13.3 10.7-24 24-24h287.4L190.9 101.2c-9.8-9.3-10-24.8-.4-34.3z\"><\/path><\/svg>\t\t\t<\/span>\n\t\t\t\t\t\t\t\t\t<span class=\"elementor-button-text\">Dowiedz si\u0119 wi\u0119cej<\/span>\n\t\t\t\t\t<\/span>\n\t\t\t\t\t<\/a>\n\t\t\t\t\t\t\t\t<\/div>\n\t\t\t\t<\/div>\n\t\t<div class=\"elementor-element elementor-element-29bcc26 e-con-full e-flex wpr-particle-no wpr-jarallax-no wpr-parallax-no wpr-sticky-section-no e-con e-child\" data-id=\"29bcc26\" data-element_type=\"container\">\n\t\t\t\t<div class=\"elementor-element elementor-element-d8392ec elementor-widget elementor-widget-heading\" data-id=\"d8392ec\" data-element_type=\"widget\" data-widget_type=\"heading.default\">\n\t\t\t\t\t<h3 class=\"elementor-heading-title elementor-size-default\">Harmonogram spotka\u0144<\/h3>\t\t\t\t<\/div>\n\t\t\t\t<div class=\"elementor-element elementor-element-ac8ef5d elementor-widget elementor-widget-text-editor\" data-id=\"ac8ef5d\" data-element_type=\"widget\" data-widget_type=\"text-editor.default\">\n\t\t\t\t\t\t\t\t\t<p>Sprawd\u017a plan zaj\u0119\u0107, przygotowany na I semestr seminari\u00f3w .<\/p>\t\t\t\t\t\t\t\t<\/div>\n\t\t\t\t<div class=\"elementor-element elementor-element-eb64ac4 elementor-hidden-tablet elementor-hidden-mobile elementor-align-right elementor-widget elementor-widget-button\" data-id=\"eb64ac4\" data-element_type=\"widget\" data-widget_type=\"button.default\">\n\t\t\t\t\t\t\t\t\t\t<a class=\"elementor-button elementor-button-link elementor-size-sm\" href=\"https:\/\/pft.umk.pl\/nbo\/seminaria\/\">\n\t\t\t\t\t\t<span class=\"elementor-button-content-wrapper\">\n\t\t\t\t\t\t<span class=\"elementor-button-icon\">\n\t\t\t\t<svg aria-hidden=\"true\" class=\"e-font-icon-svg e-fas-arrow-right\" viewBox=\"0 0 448 512\" xmlns=\"http:\/\/www.w3.org\/2000\/svg\"><path d=\"M190.5 66.9l22.2-22.2c9.4-9.4 24.6-9.4 33.9 0L441 239c9.4 9.4 9.4 24.6 0 33.9L246.6 467.3c-9.4 9.4-24.6 9.4-33.9 0l-22.2-22.2c-9.5-9.5-9.3-25 .4-34.3L311.4 296H24c-13.3 0-24-10.7-24-24v-32c0-13.3 10.7-24 24-24h287.4L190.9 101.2c-9.8-9.3-10-24.8-.4-34.3z\"><\/path><\/svg>\t\t\t<\/span>\n\t\t\t\t\t\t\t\t\t<span class=\"elementor-button-text\">Sprawd\u017a szczeg\u00f3\u0142y<\/span>\n\t\t\t\t\t<\/span>\n\t\t\t\t\t<\/a>\n\t\t\t\t\t\t\t\t<\/div>\n\t\t\t\t<\/div>\n\t\t\t\t<\/div>\n\t\t\t\t<\/div>\n\t\t","protected":false},"excerpt":{"rendered":"<p>Zapisz si\u0119 na seminaria Wa\u017cne strony Masz pytania przed zapisem? Lista seminari\u00f3w Zobacz wszystkie tematy dost\u0119pne w tym semestrze i wybierz co\u015b dla siebie. Dowiedz si\u0119 wi\u0119cej Harmonogram spotka\u0144 Sprawd\u017a plan zaj\u0119\u0107, przygotowany na I semestr seminari\u00f3w . Sprawd\u017a szczeg\u00f3\u0142y<\/p>\n","protected":false},"author":1,"featured_media":0,"parent":0,"menu_order":0,"comment_status":"closed","ping_status":"closed","template":"","meta":{"footnotes":""},"class_list":["post-1558","page","type-page","status-publish","hentry"],"blocksy_meta":{"has_hero_section":"disabled","styles_descriptor":{"styles":{"desktop":"","tablet":"","mobile":""},"google_fonts":[],"version":6}},"_links":{"self":[{"href":"https:\/\/pft.umk.pl\/nbo\/wp-json\/wp\/v2\/pages\/1558","targetHints":{"allow":["GET"]}}],"collection":[{"href":"https:\/\/pft.umk.pl\/nbo\/wp-json\/wp\/v2\/pages"}],"about":[{"href":"https:\/\/pft.umk.pl\/nbo\/wp-json\/wp\/v2\/types\/page"}],"author":[{"embeddable":true,"href":"https:\/\/pft.umk.pl\/nbo\/wp-json\/wp\/v2\/users\/1"}],"replies":[{"embeddable":true,"href":"https:\/\/pft.umk.pl\/nbo\/wp-json\/wp\/v2\/comments?post=1558"}],"version-history":[{"count":5,"href":"https:\/\/pft.umk.pl\/nbo\/wp-json\/wp\/v2\/pages\/1558\/revisions"}],"predecessor-version":[{"id":1757,"href":"https:\/\/pft.umk.pl\/nbo\/wp-json\/wp\/v2\/pages\/1558\/revisions\/1757"}],"wp:attachment":[{"href":"https:\/\/pft.umk.pl\/nbo\/wp-json\/wp\/v2\/media?parent=1558"}],"curies":[{"name":"wp","href":"https:\/\/api.w.org\/{rel}","templated":true}]}}